 4*n - 4*m - 124, m - 40 = -n + 1. What is the highest common divisor of n and 18?
18
Let d = -6 + 71. Let b(a) = a**3 + 6*a**2 + 3*a + 6. Let v be b(-4). What is the highest common divisor of d and v?
13
Let t(s) = 2*s**3 - 3*s**2 - 6*s + 7. Let v be t(4). What is the greatest common divisor of 7 and v?
7
Let u be (40/30)/((-4)/(-6)). Let x = -8 - -14. Suppose -3*v - 2*v = -y - 7, -5*y - x = 4*v. What is the greatest common factor of u and v?
1
Let f(v) = 48*v**2. Let t be f(-1). Calculate the greatest common factor of t and 8.
8
Let s = -3 - -5. Suppose s*l + 13 = 3*l. Let p be (13/3)/(2/66). What is the highest common divisor of l and p?
13
Suppose 5*n - 7*n = -18. Let o be (8/6)/(6/n). Suppose 0 = -5*u - 3*z + 31, o*u - 6*z = -z. What is the greatest common factor of 40 and u?
5
Let a(b) = b**3 - 12*b**2 - b + 14. Let y be a(12). Let w be (y/6)/1*15. Calculate the highest common factor of 2 and w.
1
Let w = -34 + 78. What is the greatest common factor of 66 and w?
22
Let k = 14 + 3. What is the greatest common divisor of k and 68?
17
Let a(x) = 47*x**2 + 3*x + 5. Let m be a(-2). Let n(v) = 3*v**2 - 3*v + 2*v + 3*v - 4. Let w be n(-3). What is the highest common factor of w and m?
17
Suppose -1 - 13 = -2*i. What is the greatest common divisor of i and 1?
1
Let k be 114/(-9) + (-2)/(-3). Let f = 2 - k. What is the highest common divisor of 70 and f?
14
Suppose -u = -5*u. Let r be 9 + 0/(-3) - u. What is the highest common factor of r and 18?
9
Suppose -2*i = -2*k + 6, -3 = -i + 2. Let z = 127 + -87. Suppose -4*t + 9*t = z. Calculate the greatest common divisor of k and t.
8
Let j = 19 - 11. Let k = -58 - -2. Let n = 24 - k. What is the highest common divisor of j and n?
8
Let f = 250 - 75. Calculate the highest common divisor of f and 25.
25
Let o = 84 + -12. What is the greatest common divisor of 12 and o?
12
Suppose -3*q = 4*f - 22, 29 = -q + 2*q - 3*f. Let i(j) = -27*j - 8. Let v be i(-6). Calculate the highest common factor of v and q.
14
Let v = -19 + 59. What is the highest common divisor of v and 8?
8
Let h(w) = w + 1. Let c be h(2). What is the highest common divisor of c and 21?
3
Let o(y) = -6*y - 27. Let d be o(-5). Suppose 5*g - 23 = -u, -2*u - 2*g + 14 = -u. Let b be ((-6)/(-8))/(2/u). Calculate the greatest common divisor of b and d.
3
Let a be (18/12)/((-1)/2). Let q be 1 + 1 + a + 166. Calculate the greatest common factor of 15 and q.
15
Let k = -2 + 4. Suppose x - k = 39. Let b = 139 - x. What is the greatest common factor of 14 and b?
14
Suppose 15*g = 12*g + 135. Calculate the greatest common factor of g and 15.
15
Let b(t) be the first derivative of t**4/4 - 8*t**3/3 + 3*t**2/2 + 4*t - 5. Let d be b(9). What is the greatest common factor of 16 and d?
16
Let n be -6 - -7 - (1 + 0). Suppose w - 6*w + 60 = n. Calculate the greatest common factor of 18 and w.
6
Let d = 2 - -2. Suppose q - d*q = -27. Calculate the greatest common factor of 3 and q.
3
Let k be (8/(-24))/((-3)/90). What is the highest common factor of k and 70?
10
Suppose 163 = 5*m - 57. Let c = m + -25. Calculate the highest common divisor of c and 38.
19
Let d = -109 + 173. Let m be (9/6)/((-6)/(-64)). What is the greatest common factor of m and d?
16
Suppose 17 = 2*l - 39. Suppose -14 - 3 = -r + 3*g, l = 4*r - 4*g. Let j be (-210)/(-3) + r*1. Calculate the highest common factor of 8 and j.
8
Let c = -56 + 67. What is the highest common factor of c and 88?
11
Let m(h) = -9*h + h - h**3 + 8 + 0*h - 8*h**2. Suppose 3*a = a + 2*u - 16, 2*a + 17 = 3*u. Let s be m(a). Calculate the greatest common divisor of s and 60.
15
Let f be (-4)/(-26) - (-378)/78. Suppose 3*q - 155 = -q - f*i, -3*i = 5*q - 197. Calculate the greatest common factor of 8 and q.
8
Let t(x) = 4*x - 8. Let j be t(7). Let q(k) = k - 14. Let y be q(8). Let l = y - -10. What is the greatest common factor of j and l?
4
Let l = -105 - -160. What is the highest common divisor of l and 5?
5
Suppose 2*o + 112 = 6*o. Calculate the highest common factor of 56 and o.
28
Let s(a) = -7*a + 2. Let d be s(-10). Suppose -g = -5*g + d. Calculate the highest common factor of g and 90.
18
Let j be 2/((-110)/(-105) + -1). Calculate the greatest common factor of 21 and j.
21
Let a = 16 - 22. Let g = a - -10. Let i be (g/((-8)/26))/(-1). Calculate the greatest common factor of 65 and i.
13
Let m = -8 + 15. Suppose -2*x + 0*x = q - 24, 5*q = 4*x - 76. What is the highest common factor of m and x?
7
Suppose -5*i - 5*j = -20, 3*j = 5*i - 10*i + 28. What is the highest common factor of 8 and i?
8
Let z = 72 - 36. Suppose -4*h - 103 + 19 = -3*b, 4*b = -5*h + 81. What is the highest common divisor of z and b?
12
Let m = 51 - 25. Calculate the highest common factor of 78 and m.
26
Suppose -38 = 4*m - 14. Let n be ((-9)/(-2))/(m/8). Let v be n/(-30) + 388/10. What is the highest common divisor of 26 and v?
13
Let k(w) = 13*w**2 - w. Let z be k(-1). Calculate the highest common divisor of 98 and z.
14
Let f = 21 - 12. Suppose z + 3*z = 36. Calculate the highest common divisor of z and f.
9
Suppose k + 0*k = 36. What is the highest common divisor of 54 and k?
18
Suppose -4 = -3*s + 5*s. Let d = -2 + -2. Let i = s - d. Calculate the greatest common divisor of i and 22.
2
Let v = 427 - 189. Calculate the greatest common factor of 34 and v.
34
Let p be -3 + (-21)/(-6) + 1323/18. Calculate the greatest common factor of 37 and p.
37
Let q be (-10 - -1)*5/(-15). Calculate the greatest common divisor of q and 12.
3
Suppose 5*j = -0*w - w + 49, 3*w = 12. What is the greatest common factor of j and 27?
9
Let x(d) = d**3 + 6*d**2 + 5*d + 5. Let h be x(-5). Suppose -135 = -0*w - 3*w. Calculate the greatest common factor of h and w.
5
Suppose 3*r = 2*l + 3*l - 50, -2*l - r + 20 = 0. What is the greatest common divisor of 80 and l?
10
Suppose -2*x + 3*a + 100 = 0, 2*a = 5*x + 4*a - 212. Let j = 94 - x. Calculate the highest common factor of j and 20.
10
Let i = -34 + 238. Let w = i - 83. Calculate the greatest common divisor of w and 11.
11
Let q(z) = 0 - 2 + 2*z - 4. Let a(i) = -i + 2. Let k be a(-5). Let n be q(k). Calculate the highest common divisor of 56 and n.
8
Suppose i - 2*i = -16. Suppose f = -5*d - 13, 0 = 3*d - d + 6. Suppose 0 = -r - f*r + 336. Calculate the highest common factor of r and i.
16
Suppose 2*p - 5*v = -8, 5*p + 5*v + 0*v = 50. What is the highest common divisor of p and 54?
6
Let x(p) = -p**2 - 8*p + 1. Let r be x(-7). Suppose -3*f + f = -r. Suppose -2*b + 1 = k - 7, -4*b + 24 = 4*k. Calculate the greatest common divisor of k and f.
4
Let z be 1 + -2 + (1 - -12). Suppose -50 = -2*k - 14. What is the greatest common factor of k and z?
6
Suppose 24 = c - 3*d, 0 = -c - 0*c + 5*d + 32. Let x(y) = -6*y + 6. Let v be x(-4). What is the greatest common divisor of c and v?
6
Let l(c) = -4*c. Let f be l(-1). Suppose -132 = -0*d - f*d. What is the greatest common factor of 22 and d?
11
Let k(g) = -2*g - g - 11*g - 22*g. Let i = -3 - -2. Let b be k(i). Calculate the greatest common factor of b and 9.
9
Let p = -49 + 148. Let d(u) = -u**2 + 2*u - 1. Let g be d(1). Suppose g = -7*h + 3*h + 44. Calculate the highest common divisor of p and h.
11
Let q be (15/(-3) + 0)*-7. Calculate the greatest common factor of q and 14.
7
Let c = 19 - 15. Calculate the highest common factor of 20 and c.
4
Suppose 5*i + 3*n - 595 = 0, 2*n = -i - 2*n + 119. Suppose 5*f - 21 = i. What is the highest common factor of 7 and f?
7
Let a(h) = h**3 + 6*h**2 + h + 6. Let s be a(-6). Suppose s = 5*q, -5*o - q = q - 90. What is the greatest common factor of o and 162?
18
Suppose -5*r = -2*j - 60, -5*r - 2*j = -3*j - 65. Let q = 11 + r. Suppose -4*n = -q + 5. What is the greatest common factor of n and 2?
1
Suppose -2*m + 32 = 2*m. What is the greatest common factor of m and 8?
8
Let k = -335 - -599. Suppose -5*h - k = -9*h. What is the greatest common factor of 6 and h?
6
Suppose 0 = 3*m - 2 - 1. Let r(b) = b**3 + 8*b**2 + 3. Let a be r(-8). Let c be 5 - (-3)/(-9)*a. What is the highest common factor of c and m?
1
Suppose 0 = -4*s + p + p + 22, -3*s = -5*p - 27. Let v be (2/6)/((-2)/(-264)). Calculate the greatest common factor of v and s.
4
Let a(j) = -2*j + 2. Let m be a(5). Let o(r) = r**3 + 10*r**2 + 13*r + 9. Let l be o(m). What is the highest com